{"id":336,"date":"2020-10-05T10:14:58","date_gmt":"2020-10-05T08:14:58","guid":{"rendered":"https:\/\/abcdair.be\/?page_id=336"},"modified":"2020-10-05T11:50:53","modified_gmt":"2020-10-05T09:50:53","slug":"ressources-pour-lenseignant","status":"publish","type":"page","link":"https:\/\/abcdair.be\/?page_id=336","title":{"rendered":"Informations pour l&rsquo;enseignant"},"content":{"rendered":"\n<h3 class=\"wp-block-heading\">Liste de documents et liens utiles<\/h3>\n\n\n\n<ul class=\"wp-block-list\"><li><a rel=\"noreferrer noopener\" href=\"https:\/\/abcdair.be\/wp-content\/uploads\/2020\/10\/liste-liens-doc-et-outils-qualite\u0301-de-lair.docx\" target=\"_blank\">Se renseigner sur la qualit\u00e9 de l&rsquo;air<\/a><\/li><li><a href=\"https:\/\/abcdair.be\/wp-content\/uploads\/2020\/10\/rapport_COVID19_final.pdf\" target=\"_blank\" rel=\"noreferrer noopener\">Impact du confinement Covid-19 sur la qualit\u00e9 de l&rsquo;air en R\u00e9gion Wallonne<\/a><\/li><\/ul>\n\n\n\n<h3 class=\"wp-block-heading\">Brochures AD&rsquo;air<\/h3>\n\n\n\n<ul class=\"wp-block-list\"><li><a rel=\"noreferrer noopener\" href=\"https:\/\/abcdair.be\/wp-content\/uploads\/2020\/10\/qualite_air_interieur_ecoles_-_guides_de_bonnes_pratiques.pdf\" target=\"_blank\">Qualit\u00e9 de l&rsquo;air int\u00e9rieur dans les \u00e9coles <\/a><\/li><li><a rel=\"noreferrer noopener\" href=\"https:\/\/abcdair.be\/wp-content\/uploads\/2020\/10\/ADAIR-Brochure-Ecoles-.pdf\" target=\"_blank\">Qualit\u00e9 de l&rsquo;air int\u00e9rieur dans les \u00e9coles &#8211; 6 gestes simples<\/a><\/li><li><a rel=\"noreferrer noopener\" href=\"https:\/\/abcdair.be\/wp-content\/uploads\/2020\/10\/ADAIR-Guides-de-bonnes-pratiques.pdf\" target=\"_blank\">Guide des bonnes pratiques<\/a><\/li><\/ul>\n\n\n\n<h3 class=\"wp-block-heading\">Brochure Samilux<\/h3>\n\n\n\n<ul class=\"wp-block-list\"><li><a href=\"https:\/\/abcdair.be\/wp-content\/uploads\/2020\/10\/prevention-cahier-recommandations-samilux.pdf\" target=\"_blank\" rel=\"noreferrer noopener\">Recommandation pour un environnement int\u00e9rieur de qualit\u00e9 dans les \u00e9coles<\/a><\/li><\/ul>\n\n\n\n<h3 class=\"wp-block-heading\">Brochure ONE<\/h3>\n\n\n\n<ul class=\"wp-block-list\"><li><a href=\"https:\/\/abcdair.be\/wp-content\/uploads\/2020\/10\/Brochure-qualite\u0301-air-ONE.pdf\" target=\"_blank\" rel=\"noreferrer noopener\">L&rsquo;air de rien, changeons d&rsquo;air<\/a><\/li><\/ul>\n","protected":false},"excerpt":{"rendered":"<p>Liste de documents et liens utiles Se renseigner sur la qualit\u00e9 de l&rsquo;air Impact du confinement Covid-19 sur la qualit\u00e9 de l&rsquo;air en R\u00e9gion Wallonne Brochures AD&rsquo;air Qualit\u00e9 de l&rsquo;air int\u00e9rieur dans les \u00e9coles Qualit\u00e9 de l&rsquo;air int\u00e9rieur dans les \u00e9coles &#8211; 6 gestes simples Guide des bonnes pratiques Brochure Samilux Recommandation pour un environnement &hellip; <\/p>\n<p class=\"link-more\"><a href=\"https:\/\/abcdair.be\/?page_id=336\" class=\"more-link\">Continuer la lecture<span class=\"screen-reader-text\"> de &laquo;&nbsp;Informations pour l&rsquo;enseignant&nbsp;&raquo;<\/span><\/a><\/p>\n","protected":false},"author":1,"featured_media":0,"parent":0,"menu_order":0,"comment_status":"closed","ping_status":"closed","template":"","meta":{"footnotes":""},"class_list":["post-336","page","type-page","status-publish","hentry"],"jetpack_sharing_enabled":true,"_links":{"self":[{"href":"https:\/\/abcdair.be\/index.php?rest_route=\/wp\/v2\/pages\/336","targetHints":{"allow":["GET"]}}],"collection":[{"href":"https:\/\/abcdair.be\/index.php?rest_route=\/wp\/v2\/pages"}],"about":[{"href":"https:\/\/abcdair.be\/index.php?rest_route=\/wp\/v2\/types\/page"}],"author":[{"embeddable":true,"href":"https:\/\/abcdair.be\/index.php?rest_route=\/wp\/v2\/users\/1"}],"replies":[{"embeddable":true,"href":"https:\/\/abcdair.be\/index.php?rest_route=%2Fwp%2Fv2%2Fcomments&post=336"}],"version-history":[{"count":6,"href":"https:\/\/abcdair.be\/index.php?rest_route=\/wp\/v2\/pages\/336\/revisions"}],"predecessor-version":[{"id":395,"href":"https:\/\/abcdair.be\/index.php?rest_route=\/wp\/v2\/pages\/336\/revisions\/395"}],"wp:attachment":[{"href":"https:\/\/abcdair.be\/index.php?rest_route=%2Fwp%2Fv2%2Fmedia&parent=336"}],"curies":[{"name":"wp","href":"https:\/\/api.w.org\/{rel}","templated":true}]}}